{"id":170,"date":"2013-06-06T06:54:17","date_gmt":"2013-06-06T06:54:17","guid":{"rendered":"http:\/\/sleepingbaby.de\/WordPress\/?page_id=170"},"modified":"2017-11-10T08:06:42","modified_gmt":"2017-11-10T08:06:42","slug":"videos-zu-sleepingbaby","status":"publish","type":"page","link":"https:\/\/sleepingbaby.de\/WordPress\/videos-zu-sleepingbaby","title":{"rendered":"Videos zu sleepingbaby"},"content":{"rendered":"<p>\u00dcberzeugen und informieren Sie sich in diesen Videos \u00fcber Wirksamkeit der sleepingbaby Einschlafhilfe:<\/p>\n<figure class=\"wp-block-embed wp-block-embed-youtube is-type-video is-provider-youtube epyt-figure\"><div class=\"wp-block-embed__wrapper\"><iframe loading=\"lazy\"  id=\"_ytid_19178\"  width=\"625\" height=\"469\"  data-origwidth=\"625\" data-origheight=\"469\" src=\"https:\/\/www.youtube.com\/embed\/FAQms1NYPvk?enablejsapi=1&autoplay=0&cc_load_policy=0&cc_lang_pref=&iv_load_policy=1&loop=0&rel=0&fs=1&playsinline=0&autohide=2&hl=de_DE&theme=dark&color=red&controls=1&disablekb=0&\" class=\"__youtube_prefs__  no-lazyload\" title=\"YouTube player\"  allow=\"fullscreen; accelerometer; autoplay; clipboard-write; encrypted-media; gyroscope; picture-in-picture; web-share\" referrerpolicy=\"strict-origin-when-cross-origin\" allowfullscreen data-no-lazy=\"1\" data-skipgform_ajax_framebjll=\"\"><\/iframe><\/div><\/figure>\n<figure class=\"wp-block-embed wp-block-embed-youtube is-type-video is-provider-youtube epyt-figure\"><div class=\"wp-block-embed__wrapper\"><iframe loading=\"lazy\"  id=\"_ytid_63181\"  width=\"625\" height=\"469\"  data-origwidth=\"625\" data-origheight=\"469\" src=\"https:\/\/www.youtube.com\/embed\/g5Dmf7Roows?enablejsapi=1&autoplay=0&cc_load_policy=0&cc_lang_pref=&iv_load_policy=1&loop=0&rel=0&fs=1&playsinline=0&autohide=2&hl=de_DE&theme=dark&color=red&controls=1&disablekb=0&\" class=\"__youtube_prefs__  no-lazyload\" title=\"YouTube player\"  allow=\"fullscreen; accelerometer; autoplay; clipboard-write; encrypted-media; gyroscope; picture-in-picture; web-share\" referrerpolicy=\"strict-origin-when-cross-origin\" allowfullscreen data-no-lazy=\"1\" data-skipgform_ajax_framebjll=\"\"><\/iframe><\/div><\/figure>\n<figure class=\"wp-block-embed wp-block-embed-youtube is-type-video is-provider-youtube epyt-figure\"><div class=\"wp-block-embed__wrapper\"><iframe loading=\"lazy\"  id=\"_ytid_90094\"  width=\"625\" height=\"469\"  data-origwidth=\"625\" data-origheight=\"469\" src=\"https:\/\/www.youtube.com\/embed\/q653PwDuplE?enablejsapi=1&autoplay=0&cc_load_policy=0&cc_lang_pref=&iv_load_policy=1&loop=0&rel=0&fs=1&playsinline=0&autohide=2&hl=de_DE&theme=dark&color=red&controls=1&disablekb=0&\" class=\"__youtube_prefs__  no-lazyload\" title=\"YouTube player\"  allow=\"fullscreen; accelerometer; autoplay; clipboard-write; encrypted-media; gyroscope; picture-in-picture; web-share\" referrerpolicy=\"strict-origin-when-cross-origin\" allowfullscreen data-no-lazy=\"1\" data-skipgform_ajax_framebjll=\"\"><\/iframe><\/div><\/figure>\n<figure class=\"wp-block-embed wp-block-embed-youtube is-type-video is-provider-youtube epyt-figure\"><div class=\"wp-block-embed__wrapper\"><iframe loading=\"lazy\"  id=\"_ytid_38736\"  width=\"625\" height=\"469\"  data-origwidth=\"625\" data-origheight=\"469\" src=\"https:\/\/www.youtube.com\/embed\/81kPqK_ZcFI?enablejsapi=1&autoplay=0&cc_load_policy=0&cc_lang_pref=&iv_load_policy=1&loop=0&rel=0&fs=1&playsinline=0&autohide=2&hl=de_DE&theme=dark&color=red&controls=1&disablekb=0&\" class=\"__youtube_prefs__  no-lazyload\" title=\"YouTube player\"  allow=\"fullscreen; accelerometer; autoplay; clipboard-write; encrypted-media; gyroscope; picture-in-picture; web-share\" referrerpolicy=\"strict-origin-when-cross-origin\" allowfullscreen data-no-lazy=\"1\" data-skipgform_ajax_framebjll=\"\"><\/iframe><\/div><\/figure>\n<div>\n<div>\n<div><strong>Einfache und sichere Montage des Autobabysitzes (z.B. Maxi-Cosi)<\/strong><\/div>\n<div><\/div>\n<div>\n<div id=\"EmbedCodeBottom1_boxGetCode\"><figure class=\"wp-block-embed wp-block-embed-youtube is-type-video is-provider-youtube epyt-figure\"><div class=\"wp-block-embed__wrapper\"><iframe loading=\"lazy\"  id=\"_ytid_73579\"  width=\"625\" height=\"469\"  data-origwidth=\"625\" data-origheight=\"469\" src=\"https:\/\/www.youtube.com\/embed\/Ey3GjRHgMDo?enablejsapi=1&autoplay=0&cc_load_policy=0&cc_lang_pref=&iv_load_policy=1&loop=0&rel=0&fs=1&playsinline=0&autohide=2&hl=de_DE&theme=dark&color=red&controls=1&disablekb=0&\" class=\"__youtube_prefs__  no-lazyload\" title=\"YouTube player\"  allow=\"fullscreen; accelerometer; autoplay; clipboard-write; encrypted-media; gyroscope; picture-in-picture; web-share\" referrerpolicy=\"strict-origin-when-cross-origin\" allowfullscreen data-no-lazy=\"1\" data-skipgform_ajax_framebjll=\"\"><\/iframe><\/div><\/figure><\/div>\n<div><\/div>\n<div>Sie k\u00f6nnen die Videos auch <a title=\"Youtube Kanal von sleepingbaby\" href=\"http:\/\/www.youtube.com\/user\/sleepingbaby10\/videos?annotation_id=annotation_987740&amp;feature=iv&amp;src_vid=FAQms1NYPvk\" target=\"_blank\" rel=\"noopener\">direkt bei Youtube<\/a> schauen.<\/div>\n<\/div>\n<\/div>\n<\/div>\n","protected":false},"excerpt":{"rendered":"<p>\u00dcberzeugen und informieren Sie sich in diesen Videos \u00fcber Wirksamkeit der sleepingbaby Einschlafhilfe: Einfache und sichere Montage des Autobabysitzes (z.B. Maxi-Cosi) Sie k\u00f6nnen die Videos auch direkt bei Youtube schauen.<\/p>\n","protected":false},"author":1,"featured_media":0,"parent":0,"menu_order":0,"comment_status":"closed","ping_status":"closed","template":"","meta":{"footnotes":""},"class_list":["post-170","page","type-page","status-publish","hentry"],"_links":{"self":[{"href":"https:\/\/sleepingbaby.de\/WordPress\/wp-json\/wp\/v2\/pages\/170","targetHints":{"allow":["GET"]}}],"collection":[{"href":"https:\/\/sleepingbaby.de\/WordPress\/wp-json\/wp\/v2\/pages"}],"about":[{"href":"https:\/\/sleepingbaby.de\/WordPress\/wp-json\/wp\/v2\/types\/page"}],"author":[{"embeddable":true,"href":"https:\/\/sleepingbaby.de\/WordPress\/wp-json\/wp\/v2\/users\/1"}],"replies":[{"embeddable":true,"href":"https:\/\/sleepingbaby.de\/WordPress\/wp-json\/wp\/v2\/comments?post=170"}],"version-history":[{"count":21,"href":"https:\/\/sleepingbaby.de\/WordPress\/wp-json\/wp\/v2\/pages\/170\/revisions"}],"predecessor-version":[{"id":711,"href":"https:\/\/sleepingbaby.de\/WordPress\/wp-json\/wp\/v2\/pages\/170\/revisions\/711"}],"wp:attachment":[{"href":"https:\/\/sleepingbaby.de\/WordPress\/wp-json\/wp\/v2\/media?parent=170"}],"curies":[{"name":"wp","href":"https:\/\/api.w.org\/{rel}","templated":true}]}}